pose 0 = y + 3*y. Suppose 2*p - 3*p + 53 = y. Let h(w) = w**2 + 14*w - 40. What is the remainder when p is divided by h(-17)?
9
Let q(v) = 58*v - 682. Suppose -85 = -5*n + 10. Calculate the remainder when q(13) is divided by n.
15
Suppose -20 = 3*b - o - 3, -4*b - 4*o = 44. Let r(w) = w**2 + 7*w + 56. What is the remainder when r(b) is divided by 4?
0
Suppose 504*w = 452*w + 22204. What is the remainder when w is divided by 135?
22
Suppose -i = 2*s - 40, -s = 3*i - 5*s - 70. Let j be (-20)/6*39/(-26). Suppose -5*l = -25, h + 321 = 3*h + j*l. What is the remainder when h is divided by i?
28
Let i be ((30/5)/(-18))/((-3)/81). Suppose -i*j = -4*j - 2*w - 256, -3*j = -2*w - 156. Calculate the remainder when j is divided by 4.
2
Let x(y) = y**2 + 6*y - 2. Let j(z) = -70*z + 13816. Calculate the remainder when j(197) is divided by x(-7).
1
Suppose 230 = -6*m + 2450. Let k = m - 366. Calculate the remainder when 63 is divided by k.
3
Let a(w) be the second derivative of 13*w**4/3 - w**3/6 + 16*w. Let p = 75 - 60. What is the remainder when a(-1) is divided by p?
8
Suppose 0 = -2*g - 2*b + 20, 2*g - b - 10 = -g. Suppose g*m - 29 = -2*q, 4 = -m + 7. Calculate the remainder when -2 + 1 - (-46)/2 is divided by q.
1
Let p be 1*82/2 - 6/2. Let s = -27 + p. Calculate the remainder when 19 is divided by s.
8
Suppose 0 = 81*q - 92*q + 3608. What is the remainder when 671 is divided by q?
15
Suppose 5*k - 5*i = 885, -5*k + i + 869 = -0*i. Suppose -180*g + 28 = -k*g. What is the remainder when 127 is divided by g?
3
Let t = 14443 + -14435. Suppose 2*i - 115 + 34 = -5*v, -v + i + 12 = 0. Calculate the remainder when (-6)/(-15) + t*18/v is divided by 4.
2
Let w(i) = 5165*i**3 + 5*i**2 - 5*i - 4. What is the remainder when w(2) is divided by 187?
186
Let f = -1494 - -2047. What is the remainder when f is divided by 60?
13
Let t(q) = -4*q + 104. Let x be t(25). Suppose 0 = -4*r + 20, -6*r - 52 = -x*c - 2*r. What is the remainder when 70 is divided by c?
16
Suppose -y + 69*l - 64*l = -704, y = -2*l + 760. Calculate the remainder when 2233 is divided by y.
1
Let t = 5 - -4. Let o(v) = 3*v**2 + 21*v - 162. What is the remainder when o(5) is divided by 235/45 - 2/t?
3
Let v = -313 + 351. Suppose 0 = 12*d - 17*d + 5. What is the remainder when v is divided by d?
0
Suppose r + 479 = 917. Suppose -r = 23*c - 2301. What is the remainder when c is divided by 8?
1
Suppose 395 = 3*l + 2*u, -5*l - 147 + 812 = 5*u. Suppose l*d = 135*d - 102. Calculate the remainder when d is divided by 2.
1
Let o(b) = 2*b**2 - 13*b - 24. Let w(n) = -2*n**2 + 14*n + 24. Let x(c) = 7*o(c) + 6*w(c). Calculate the remainder when x(11) is divided by 16.
13
Suppose -2*i + 868 = 3*n + n, 4*n - 5*i = 896. Let f(w) = 64*w + 2646. Calculate the remainder when n is divided by f(-41).
21
Let f be 3 - (-7866)/(-78) - 2/13. Let g = f - -102. Let k(r) = 8*r - 3. Calculate the remainder when k(2) is divided by g.
1
Let j = -13840 - -13860. Calculate the remainder when 11556 is divided by j.
16
Suppose -4*o - 2*f + 492 = 304, 0 = 2*o + 2*f - 92. Calculate the remainder when 1280 is divided by o.
32
Suppose -3 = -13*m + 62. Suppose -3*b = 4*x - 836, -3*b + b = -m*x + 1068. Calculate the remainder when x is divided by 31.
26
Let q = 5210 + -5139. What is the remainder when q is divided by -2 + 3 + (32 - -4)?
34
Let z = -289 - -294. Suppose -2*h + 2*o = -22, 0 = 5*h + z*o - 0*o - 105. Calculate the remainder when 28 is divided by h.
12
Let b = 99380 - 99102. Suppose c + 0*c = 56. What is the remainder when b is divided by c?
54
Let c(t) = -4*t + 4. What is the remainder when 1/((-15618)/40470 - (-4)/10) is divided by c(-3)?
7
Let i(q) = -q**3 - q**2 - q - 1. Let u(l) = -4*l**3 + 10*l**2 - 20*l + 4. Let v(g) = -3*i(g) + u(g). What is the remainder when v(11) is divided by 30?
2
Suppose m = -74*v + 76*v + 736, 9 = -3*v. What is the remainder when m is divided by 146?
0
Let u(f) = f**2 - 38*f + 47. Let j(c) = -c**3 - 8*c**2 + 14*c + 6. Let q be j(-11). Suppose 0 = 4*p - q + 71. What is the remainder when p is divided by u(37)?
6
Let p be (-7)/63 - (-107)/(-9). Let q be (231/p)/(((-28)/16)/7). Let l = q + -66. Calculate the remainder when l is divided by 5.
1
Let h = 95 - 15. Suppose 2*i + 2*t - 34 = -0*t, -4*i + 2*t = -h. What is the remainder when 141 is divided by i?
8
What is the remainder when (11352/(-96))/(2/(-10)*(-25)/(-20)) is divided by 255?
218
Calculate the remainder when (-28)/154 - (-4362)/33 is divided by 49.
34
Let n be (-30)/2*4/(12/(-5)). Suppose -480 = n*w - 28*w. Suppose -6 = 3*i, 5*m - w - 120 = -5*i. Calculate the remainder when m is divided by 21.
16
Let q(f) = -17 + 10*f - 19*f + 45 + 7*f. What is the remainder when q(-11) is divided by 13?
11
Let c be ((-10)/(-8))/((-7)/(-14))*2. Suppose -453 - 1022 = -c*a. What is the remainder when a is divided by 74?
73
Let s = -2010 - -2087. Calculate the remainder when 88 is divided by s.
11
Let q = -246 - -447. Suppose -119 = -10*l + q. Suppose 5*b + 3*g = 324, 5 = 5*g - 10. Calculate the remainder when b is divided by l.
31
Suppose c - 3 = -5*l, -5*c + 6*c = -l + 7. What is the remainder when (26/39)/((c/(-66))/(-2)) is divided by 8?
3
Suppose -85*a = -29*a - 10192. Calculate the remainder when 731 is divided by a.
3
Let g(t) = -124*t - 196. What is the remainder when g(-3) is divided by 32?
16
Let m = -11527 - -12352. Calculate the remainder when m is divided by 82.
5
Suppose 6*j + 481 = 7*j - 5*w, -994 = -2*j + 2*w. What is the remainder when j is divided by 116?
37
Let u(v) = -v**2 - 10*v - 15. Let m be u(-8). Let h be -1*((-1134)/35)/(m/5). Suppose 0 = -0*i + 6*i - h. Calculate the remainder when i is divided by 12.
3
Let a = 115 - 54. Let l(i) = 2*i - 1 - 3 - 16 - 8*i. Calculate the remainder when a is divided by l(-6).
13
Let v(p) be the third derivative of p**4/24 + p**2. Let n = 307 - 304. What is the remainder when 11 is divided by v(n)?
2
Let p(a) = -25*a - 84. Let v(u) = -3*u**3 - 11*u**2 - 6*u + 7. What is the remainder when v(-4) is divided by p(-4)?
15
Let r = 6 + -1. Suppose g + 54 = 5*q, 3*q + r*g - 60 = -2*q. Calculate the remainder when 3654/72 - 9 - (-21)/(-28) is divided by q.
8
Suppose -k - 3*q = 16 - 3, 4*k - 4*q = 28. Suppose 21*g - 2*c = 19*g + 54, 5*g = -k*c + 107. What is the remainder when 60 is divided by g?
14
Suppose 8*a + 17*a = -200. Calculate the remainder when (-362)/a + (-11)/44 is divided by 8.
5
Let i be (-12)/9 + 24/18. Let b be i/(-19) + (15 - 0). Suppose -12*c - 21 = -b*c. Calculate the remainder when 25 is divided by c.
4
Let x be (0 + (-1576)/6)/((-16)/24). Let f = -335 + x. Suppose -2*i - i = -30. Calculate the remainder when f is divided by i.
9
Let j(m) be the first derivative of -m**3/3 - 41*m**2/2 + 115*m + 21. What is the remainder when j(-32) is divided by 29?
26
Suppose -10*d + 8*d = 2*q - 162, 4*q - 3*d - 296 = 0. What is the remainder when q is divided by 38?
1
Let k = -4803 - -4922. Calculate the remainder when 2020 is divided by k.
116
Suppose 1665*a - 1643*a = 242. Calculate the remainder when 73 is divided by a.
7
Let g = -116 - -146. Suppose -p - g = -2*p. Suppose 0 = -3*s - 2*h + 25, -h = 1 + 3. Calculate the remainder when p is divided by s.
8
Suppose 0*b - 24 = -m + 2*b, 5*m + b - 164 = 0. What is the remainder when m is divided by 5 + (3 - (-5 + 1))?
8
Let o = 462 - 430. Let g(t) = -t**3 - 10*t**2 + 17*t + 7. Calculate the remainder when g(-12) is divided by o.
27
Suppose 27*r - 160 = 353. Calculate the remainder when 201 is divided by r.
11
Let d = 583 - -88. Suppose 17*z - d = 400. Let a = 61 - 47. Calculate the remainder when z is divided by a.
7
Let y(j) = -16*j**3 + 19*j + 40. What is the remainder when 249 is divided by y(-2)?
119
Suppose 0 = 42*g - 1730 + 302. Calculate the remainder when (-2)/(1018/(-508) - -2) is divided by g.
32
Suppose -255*j + 257*j - 1915 = -3*k, 4*k = 2*j + 2516. What is the remainder when k is divided by 171?
120
Let a be 1*(-2 + 2) + 48. Suppose -4*x = -9 - 3, 138 = -3*q - 4*x. Let c = a - q. What is the remainder when c is divided by 34?
30
Let g = 5828 + -5717. Calculate the remainder when 2211 is divided by g.
102
Suppose 5*x = 4*v - 0*x + 5, 5*v + 3*x = 40. Suppose v*t - 1108 + 158 = 0. Calculate the remainder when t is divided by 16.
14
Suppose -2*r 